 the units digit of y?
3
Let k(v) = -3*v + 2. Let y be k(7). Let h = 20 - y. What is the tens digit of h?
3
Let u = -141 + 249. What is the tens digit of u?
0
Let r be (-261)/(-6) + 1/2. Let a = r + -14. What is the tens digit of a?
3
Suppose 2*r = -3*j - r + 9, -4*r = -5*j + 60. Suppose -5*g - 2*a + 14 = 0, -2*g + 3*a - 6 = -4. What is the units digit of 9/12 + g/j?
1
Let b(f) = -f + 1. Let y be b(1). Suppose -d = -y*d - 27. What is the tens digit of d?
2
Let y = 12 + 17. What is the tens digit of y?
2
Let o(s) be the first derivative of s**4/12 + s**3/3 - 5*s**2/2 - s + 3. Let x(z) be the first derivative of o(z). What is the units digit of x(-5)?
0
What is the tens digit of (-14)/42*174/(-2)?
2
Let h = 5 - 3. Suppose 0*s + 3*s = -5*w + 27, w + 4*s - h = 0. What is the units digit of w?
6
Let b(q) = q + 5. Let c be b(-7). Let x = 7 + -9. What is the tens digit of -2*(x + -4) + c?
1
Suppose -6*t + t + 85 = 0. Suppose 3*k = t + 82. What is the units digit of k?
3
Let y(z) be the third derivative of z**5/60 - 5*z**4/24 + 2*z**3/3 + 2*z**2. Let j be y(4). Suppose j = -4*c + 8. What is the units digit of c?
2
Let o(r) = 4*r**2 - 2*r + 1. Let h be o(-3). Suppose h = 2*m + 7. Let p = 29 - m. What is the units digit of p?
1
Let l(q) = q - 12. Let b be l(-14). Let z = 44 + b. What is the tens digit of z?
1
Let i(o) = 26*o. Let m be i(-1). Let v = m + 18. Let b = v + 16. What is the units digit of b?
8
Let w = -4 + 8. Let l be 10*(-1 + 6/w). Let h = l - -3. What is the units digit of h?
8
Let r = 38 + -20. What is the units digit of r?
8
Let z be 4/10 - (-276)/10. Suppose -q + z = -5*q. Let n = 10 + q. What is the units digit of n?
3
Let j(n) = 3*n + 5. Let m be 64/12 - (-4)/6. What is the tens digit of j(m)?
2
Suppose x - 13 = 4*r, x + 0*r = 2*r + 9. Suppose -j = -2*j + x. Suppose 53 = 5*k + t + 17, 4*k = -j*t + 12. What is the units digit of k?
8
Let t be (1 - -173) + (-1)/(-1). What is the units digit of 3/(-1) - t/(-5)?
2
Let c(f) = 4*f + 5. Let n be c(-2). Let a(d) = -d**3 + 6*d**2 - 6*d - 1. Let i be a(5). What is the units digit of (-43)/n - (-2)/i?
4
Suppose -5*f = -256 + 56. What is the tens digit of f?
4
Let a be ((30/2)/3)/1. Suppose 5*w - 45 = -a*h + 15, 3*h - 3*w - 12 = 0. What is the units digit of h?
8
Let x be (4/5)/((-1)/40). Let o = x - -19. Let y = o + 18. What is the units digit of y?
5
Let y = -1 + 2. Let z = 1 - y. Suppose -3*t - 13 = p - 33, z = 2*p - 2*t - 32. What is the units digit of p?
7
Let a be 1/(-3) + 70/3. Let t = a - 12. What is the tens digit of t?
1
Suppose p + p = 56. What is the units digit of p?
8
Let l be -3 + -15 + 1 - 1. Let h = -13 - l. What is the units digit of h?
5
Let o(f) = -2*f + 19. Let t be o(8). What is the units digit of ((-24)/18)/((-2)/t)?
2
Suppose -3*c + 20 = l, -6*c + c - l + 32 = 0. Suppose 4*i = i + c. What is the units digit of i?
2
Let a = 84 - 56. What is the tens digit of a?
2
Let h(j) = -j**2 - 8*j - 4. Suppose -4*a + 11 = -5. Suppose a*g + 8 = -4*b, 5*g - 5*b + 2*b + 50 = 0. What is the units digit of h(g)?
3
Let l(r) = 1 + r + 6 - 1. Let f = -7 + 7. What is the units digit of l(f)?
6
Suppose 2*p + s - 15 = 0, 0 = -0*p - 2*p - 3*s + 17. What is the units digit of p?
7
Suppose 6 = 5*d - 9. Suppose -2*m + 46 = 5*s, 4*s + d*m - 7 = 34. Suppose 3*l = s*l - 35. What is the units digit of l?
7
Let c = 95 - 23. What is the tens digit of c?
7
Let f(b) = 4*b**2 - 4*b + 4. What is the units digit of f(2)?
2
Suppose -13 = 5*k + 2*r, -2*k + 4*r = -18 + 4. Let q be 1/(-4) - k/4. Let w(h) = h**3 - h + 4. What is the units digit of w(q)?
4
Suppose 770 = -3*v + 10*v. What is the hundreds digit of v?
1
Let k = 17 - 21. Let i(q) = 11*q. Let o(m) = -10*m - 1. Let s(b) = 5*i(b) + 6*o(b). What is the units digit of s(k)?
4
Suppose 0*o = -4*d - 3*o + 21, -5*d + 27 = 3*o. What is the units digit of d?
6
Let j(c) = 2*c - c**2 + 2*c + 2*c + 7. Let p be 2/3 + 16/3. What is the units digit of j(p)?
7
Suppose 1 = -p + 2*p. Suppose -u - 2*u = u. Suppose -p + u = -g. What is the units digit of g?
1
Suppose 6*t - t = -5. Let c be t/4 - (-5)/20. Suppose -5*u + 1 + 44 = c. What is the units digit of u?
9
Let r = 9 - -120. What is the tens digit of r?
2
Let b(u) = 6*u + 4. What is the tens digit of b(12)?
7
Let o(q) = q - 3. Let r be o(6). Let h be 1/r*24/2. Suppose -3*p = -3*y - 2*y - 65, 4*y = h*p - 84. What is the tens digit of p?
2
Let s(m) = 2*m**2 + m - 2. Let n be s(-2). Let d = -16 - -17. Let w = d + n. What is the units digit of w?
5
Let g = -6 - -6. Suppose 4*x = -2*l + 2, g = -0*x - x + 5*l + 17. What is the units digit of x?
2
What is the tens digit of ((-54)/81)/(1/(-48))?
3
Let p(n) = n**3 - 3*n**2 + 3*n - 1. Let i be p(2). Let b = i + -1. Let c = b - -3. What is the units digit of c?
3
Let y = 309 - 220. What is the units digit of y?
9
Let c = -9 + 10. Let d = -4 + c. Let s(j) = -2*j**3 - 5*j**2 - 3*j - 4. What is the tens digit of s(d)?
1
Let t = 15 + -10. Let h = t - -8. What is the tens digit of h?
1
Let m be (-108)/(-20) - (-6)/(-15). Suppose -m*q - 17 = -122. What is the tens digit of q?
2
Let n be (3/(-2))/(9/(-12)). Suppose -n*f = -6*f + 8. Suppose 5*p - 29 = 4*t, -4*t = -f*p + 8 + 6. What is the units digit of p?
5
Let q be (8 - 8)/(2 + -1). Suppose q = -x + y + 22, 3*x + 3*y - y - 86 = 0. What is the units digit of x?
6
Suppose 750 = 4*q - 806. What is the tens digit of q?
8
Suppose 3*y + 248 = 2*h + y, y = -4*h + 491. What is the hundreds digit of h?
1
Let h(u) = -2*u - 5. Let k be h(-4). What is the tens digit of (-3)/k*(-18 - -3)?
1
Let v be (-6)/(-2) - (-5 + 1). Suppose 0 = 6*z - v*z + 22. What is the tens digit of z?
2
Let s(x) = x**3 - 3*x**2 - 2*x - 1. Suppose 3*h = -w + 1, -3*h + 8*h - 3*w = -17. Let b be (-6)/h - (1 + 1). What is the units digit of s(b)?
7
Let u = 18 - 30. What is the units digit of 4/3*(-198)/u?
2
Suppose -3*x + 4 = -110. Let l = 56 - x. What is the units digit of l?
8
Let p(z) = 3*z**2 - 49*z + 32. What is the tens digit of p(19)?
8
Suppose -72 = -4*s + 192. What is the units digit of s?
6
Suppose -177 = -5*l - 0*m - m, -12 = 4*m. What is the tens digit of l?
3
Let c(h) = 2*h**2 + 4*h - 4. Suppose -5*v + 5*u - 50 = 0, -40 = -v + 4*v - 5*u. What is the tens digit of c(v)?
2
Let l be 2 - ((-4)/(-2))/2. Let h = 2 + l. Suppose 0 = 4*t - 4*j, h*t - 5*j = -t - 1. What is the units digit of t?
1
Suppose u - 20 = -4*u. What is the units digit of 18/(-8)*(u + -16)?
7
What is the tens digit of 16/(-4) - (-219)/3?
6
Let l = -16 - -9. Let n be l/(-14) - 9/(-2). Suppose -z + 6 = -4*a - 2, -64 = -n*z - 4*a. What is the tens digit of z?
1
What is the units digit of -7*(4 + (-248)/28)?
4
Let a(s) be the third derivative of -s**4/8 + s**3/6 - 2*s**2. What is the tens digit of a(-5)?
1
Suppose d + 4*o - 37 = -14, -5*o = 5*d - 40. Suppose d*u - 9 = 45. Suppose 2*p - u = 2. What is the tens digit of p?
1
Let o(v) = -v**2 + 11*v - 1. What is the units digit of o(10)?
9
Let h = 2 - 0. Suppose 0 = 4*u - h - 34. What is the units digit of u?
9
Let u be (-2)/7 + 30/7. Suppose -8 = u*q + 4*y, -6*y - 8 = 5*q - 2*y. Suppose q = 5*b - 8 - 2. What is the units digit of b?
2
Suppose 4*q - 5*z = -0*z + 22, -3*q + 14 = -5*z. Let g(i) = i - 5. What is the units digit of g(q)?
3
Suppose 48 = 3*n + v - 4*v, -78 = -5*n + 3*v. What is the tens digit of n?
1
Suppose 7*h - 5*h = 46. Suppose h*b - 26*b = -102. What is the tens digit of b?
3
Suppose 3*l = 8*l - 10. Suppose s = 3*y + 6, -s = -0*s - l*y - 7. What is the units digit of s?
9
Let q be -10 + 16 - (1 - -1). Suppose -i + 10 = 2*s + s, q*s = -4*i. What is the units digit of s?
5
Let a be ((-19)/2)/(-1)*2. Let g = -2 + a. Let v = 28 - g. What is the units digit of v?
1
Suppose 385 = 3*o + 2*o. What is the units digit of o?
7
Suppose 2*z + 122 = 3*y, 5*y - 95 - 100 = 5*z. What is the units digit of y?
4
Suppose -61 = 3*c + 2*j, 0 = -5*c + 6*c - j + 12. Let n = 16 + -24. Let f = n - c. What is the units digit of f?
9
Let c(y) = -8*y**3 + 4*y**2 + 3*y + 3. What is the tens digit of c(-2)?
7
Let k(x) = -4*x - 1. Let i = 7 - 9. What is the units digit of k(i)?
7
Suppose -2*t + 0 + 12 = 0. Let r be 6/9 + 284/t. Suppose n + r = 5*n. What is the tens digit of n?
1
Let n be (1 - -2) + -6 + 25. Let z = n + -6. What is the units digit of z?
6
Let u = 42 + -30